True
Does 9 divide 197846055?
True
Does 44 divide 321438348?
True
Is 114579441 a multiple of 279?
True
Is 12 a factor of 3266957220?
True
Does 83 divide 140642919?
True
Does 130 divide 169746330?
True
Is 31635970 a multiple of 25?
False
Is 5235759 a multiple of 4?
False
Does 16 divide 929917600?
True
Does 301 divide 68938030?
True
Is 6 a factor of 57191649?
False
Does 4 divide 634087812?
True
Is 390 a factor of 22632002?
False
Is 2354 a factor of 378739768?
True
Is 2244701 a multiple of 67?
True
Is 36 a factor of 294399060?
False
Is 263391841 a multiple of 90?
False
Is 12079221 a multiple of 3207?
False
Is 219 a factor of 66797628?
True
Does 39 divide 11705747?
False
Is 26 a factor of 297077465?
False
Is 190447412 a multiple of 37?
False
Does 1120 divide 127544480?
True
Is 116360228 a multiple of 53?
True
Does 1797 divide 14534336?
False
Is 268 a factor of 175515344?
True
Does 250 divide 7975799?
False
Is 77734688 a multiple of 41?
True
Is 404 a factor of 368251252?
True
Does 259 divide 161070287?
True
Is 241035509 a multiple of 377?
False
Is 53304480 a multiple of 160?
True
Is 39407398 a multiple of 95?
False
Is 174064821 a multiple of 367?
False
Does 863 divide 1240316789?
False
Is 1589 a factor of 29413249?
False
Does 29 divide 48269426?
False
Does 73 divide 12974615?
False
Is 211 a factor of 2728544601?
True
Is 1907334 a multiple of 114?
True
Is 1275 a factor of 124112325?
True
Does 432 divide 1609512?
False
Does 130 divide 36219184?
False
Is 179753580 a multiple of 1647?
True
Is 584 a factor of 274026785?
False
Does 725 divide 5183488?
False
Does 116 divide 74058132?
False
Is 7073052198 a multiple of 731?
True
Is 461393870 a multiple of 96?
False
Does 20 divide 50199240?
True
Is 206156271 a multiple of 183?
True
Does 3 divide 7278267?
True
Is 7465 a factor of 664743320?
True
Is 2866 a factor of 56746800?
True
Is 4126107488 a multiple of 12464?
True
Is 436 a factor of 721517332?
False
Is 55355349 a multiple of 49?
True
Does 39 divide 432510?
True
Is 181432308 a multiple of 516?
True
Is 23 a factor of 2111648926?
False
Is 45452916 a multiple of 4?
True
Does 109 divide 37794950?
False
Does 198 divide 5885214?
False
Is 67 a factor of 32337617?
True
Is 36 a factor of 61757125?
False
Does 368 divide 319595270?
False
Is 393763796 a multiple of 14?
False
Does 1993 divide 2753661985?
False
Is 842 a factor of 778228604?
True
Does 26 divide 118383772?
True
Does 65 divide 3571318883?
False
Is 284 a factor of 15961084?
True
Is 192 a factor of 12933196?
False
Is 311 a factor of 64645393?
True
Is 5 a factor of 8119671?
False
Does 1433 divide 1051427925?
True
Does 61 divide 25267156?
False
Is 379 a factor of 437491070?
True
Is 26 a factor of 1120248463?
False
Does 174 divide 6578977?
False
Does 11 divide 196243179?
True
Does 1949 divide 9807747?
False
Does 285 divide 62552279?
False
Is 3218 a factor of 1094744292?
True
Is 3636582 a multiple of 222?
True
Is 33 a factor of 700114910?
False
Does 774 divide 531368028?
True
Is 2858017975 a multiple of 11575?
True
Is 1592 a factor of 237419736?
True
Is 1220 a factor of 485564880?
True
Is 68 a factor of 97166832?
True
Is 1611 a factor of 943775352?
True
Is 23 a factor of 1245038383?
False
Is 46553652 a multiple of 2147?
False
Does 13 divide 530536968?
True
Is 9 a factor of 85606155?
True
Is 1133 a factor of 270444929?
False
Is 244086301 a multiple of 29?
True
Is 660420600 a multiple of 122?
False
Is 19155757 a multiple of 342?
False
Is 1909 a factor of 1433739178?
True
Is 49 a factor of 322584101?
True
Is 59080530 a multiple of 1893?
True
Does 25 divide 27083525?
True
Does 344 divide 4808913256?
True
Is 165096922 a multiple of 2?
True
Is 13 a factor of 88852673?
True
Is 826220006 a multiple of 41?
False
Is 352 a factor of 22685614?
False
Is 33 a factor of 8575181?
False
Is 11 a factor of 1499113?
True
Is 62342243 a multiple of 29?
False
Is 13 a factor of 645127074?
False
Is 110097607 a multiple of 10?
False
Is 1289 a factor of 341646872?
True
Does 42 divide 201688120?
False
Does 3 divide 39597817?
False
Does 740 divide 52237340?
True
Is 292127324 a multiple of 29?
True
Is 522 a factor of 2302026264?
True
Does 1343 divide 773946717?
False
Is 165 a factor of 126323670?
True
Is 17657146 a multiple of 299?
True
Does 224 divide 32350976?
True
Is 26116078 a multiple of 1234?
False
Is 73666546 a multiple of 326?
True
Is 15167659 a multiple of 16?
False
Does 167 divide 77338034?
True
Does 49 divide 3772608?
True
Does 14335 divide 4406421315?
True
Does 9 divide 102224682?
True
Is 9875382 a multiple of 666?
False
Does 1166 divide 168087211?
False
Is 4618693 a multiple of 433?
False
Is 74 a factor of 168551576?
True
Is 1603631097 a multiple of 4519?
False
Is 1432 a factor of 212527416?
True
Is 1637710250 a multiple of 110?
True
Is 2099453562 a multiple of 18?
True
Is 25 a factor of 78136875?
True
Does 2852 divide 124099076?
True
Is 47 a factor of 188499187?
True
Is 2 a factor of 8008550?
True
Does 648 divide 5600016?
True
Is 263 a factor of 132633793?
True
Is 3144216933 a multiple of 35?
False
Does 110 divide 42668120?
True
Does 56 divide 3540936280?
True
Is 24 a factor of 164201304?
True
Does 8 divide 184478152?
True
Is 12 a factor of 348427416?
True
Is 1266489 a multiple of 31?
False
Is 69 a factor of 885787127?
False
Is 2652202762 a multiple of 22?
True
Is 1585101852 a multiple of 438?
True
Is 12787872 a multiple of 31?
True
Is 298 a factor of 54199644?
True
Does 16 divide 2561968?
True
Does 390 divide 13112306?
False
Is 127 a factor of 1420511637?
True
Is 751852599 a multiple of 3431?
False
Does 60 divide 108706678?
False
Does 755 divide 616080?
True
Does 530 divide 21690780?
True
Is 700 a factor of 55040300?
True
Is 225 a factor of 1232742825?
True
Is 2723 a factor of 100620725?
False
Is 481986294 a multiple of 1010?
False
Is 642 a factor of 131156106?
True
Does 200 divide 9559364?
False
Is 4973 a factor of 1600584915?
True
Is 14 a factor of 38053876?
True
Is 60 a factor of 122589926?
False
Does 601 divide 20931027?
True
Is 156 a factor of 575192261?
False
Is 3442109018 a multiple of 322?
False
Does 38 divide 1007216183?
False
Is 5 a factor of 20766325?
True
Is 23 a factor of 325383783?
True
Does 65 divide 3822877?
False
Is 1089708383 a multiple of 16?
False
Is 119 a factor of 80206?
True
Is 3256366197 a multiple of 3381?
True
Is 2595 a factor of 725320665?
True
Is 105650335 a multiple of 15?
False
Is 61 a factor of 120458408?
True
Does 2865 divide 605986827?
False
Is 2537950 a multiple of 386?
True
Is 162 a factor of 552253?
False
Does 520 divide 18024760?
True
Is 121 a factor of 868175?
True
Is 217216188 a multiple of 2844?
True
Is 3737 a factor of 543736961?
False
Does 930 divide 9105984?
False
Is 1607892051 a multiple of 83?
False
Is 845 a factor of 604093035?
True
Is 42967435 a multiple of 1255?
True
Is 4 a factor of 55077573?
False
Does 2337 divide 202265197?
False
Is 1363574387 a multiple of 19?
True
Does 3 divide 6114747?
True
Is 20391910 a multiple of 2?
True
Is 214833394 a multiple of 809?
False
Is 925322 a multiple of 16?
False
Does 9 divide 16183881?
True
Does 2 divide 33524078?
True
Is 8787 a factor of 391785969?
True
Is 37551540 a multiple of 1209?
True
Is 129 a factor of 3497470572?
False
Does 937 divide 29383343?
False
Does 84 divide 39013212?
True
Is 130141314 a multiple of 6?
True
Does 583 divide 486952439?
False
Does 57 divide 10925874?
True
Is 21 a factor of 91949471?
False
Does 21 divide 38937570?
True
Does 766 divide 25833148?
False
Is 25207029 a multiple of 46?
False
Is 375 a factor of 37380750?
True
Does 3 divide 517454702?
False
Does 5856 divide 41167680?
True
Is 22 a factor of 371536?
True
Is 1791 a factor of 82759505?
False
Is 164 a factor of 1145388745?
False
Is 967 a factor of 1006963293?
False
Does 615 divide 130180740?
True
Is 10539558 a multiple of 102?
True
Is 52 a factor of 27682720?
True
Does 20 divide 559676529?
False
Is 36 a factor of 14949864?
True
Is 42 a factor of 421405530?
True
Is 95114101 a multiple of 4?
False
Is 37 a factor of 310127747?
True
Is 28 a factor of 733190939?
False
Is 9 a factor of 9238375?
False
Is 2121 a factor of 495391365?
True
Does 351 divide 300264705?
True
Is 383258767 a multiple of 677?
False
Is 33330312 a multiple of 276?
True
Is 27 a factor of 17